{"id":927,"date":"2025-11-26T14:27:27","date_gmt":"2025-11-26T13:27:27","guid":{"rendered":"https:\/\/dev-yellowstudio.be\/unite\/?page_id=927"},"modified":"2025-12-09T15:21:36","modified_gmt":"2025-12-09T14:21:36","slug":"mentions-legales-politique-de-confidentialite","status":"publish","type":"page","link":"https:\/\/dev-yellowstudio.be\/unite\/mentions-legales-politique-de-confidentialite\/","title":{"rendered":"Mentions l\u00e9gales &amp; Politique de confidentialit\u00e9"},"content":{"rendered":"\t\t<div data-elementor-type=\"wp-page\" data-elementor-id=\"927\" class=\"elementor elementor-927\" data-elementor-post-type=\"page\">\n\t\t\t\t<div class=\"elementor-element elementor-element-879dcfd e-con-full e-flex e-con e-parent\" data-id=\"879dcfd\" data-element_type=\"container\" data-settings=\"{&quot;background_background&quot;:&quot;classic&quot;,&quot;jet_parallax_layout_list&quot;:[]}\">\n\t\t<div class=\"elementor-element elementor-element-6ce21da e-flex e-con-boxed e-con e-child\" data-id=\"6ce21da\" data-element_type=\"container\" data-settings=\"{&quot;jet_parallax_layout_list&quot;:[]}\">\n\t\t\t\t\t<div class=\"e-con-inner\">\n\t\t\t\t<div class=\"elementor-element elementor-element-3ba42e9 elementor-widget elementor-widget-spacer\" data-id=\"3ba42e9\" data-element_type=\"widget\" data-widget_type=\"spacer.default\">\n\t\t\t\t<div class=\"elementor-widget-container\">\n\t\t\t\t\t\t\t<div class=\"elementor-spacer\">\n\t\t\t<div class=\"elementor-spacer-inner\"><\/div>\n\t\t<\/div>\n\t\t\t\t\t\t<\/div>\n\t\t\t\t<\/div>\n\t\t\t\t\t<\/div>\n\t\t\t\t<\/div>\n\t\t\t\t<\/div>\n\t\t<div class=\"elementor-element elementor-element-6fc7688 e-con-full e-flex e-con e-parent\" data-id=\"6fc7688\" data-element_type=\"container\" data-settings=\"{&quot;background_background&quot;:&quot;classic&quot;,&quot;jet_parallax_layout_list&quot;:[]}\">\n\t\t<div class=\"elementor-element elementor-element-35d135c e-con-full e-flex e-con e-child\" data-id=\"35d135c\" data-element_type=\"container\" data-settings=\"{&quot;jet_parallax_layout_list&quot;:[]}\">\n\t\t\t\t<div class=\"elementor-element elementor-element-6483704 elementor-widget elementor-widget-text-editor\" data-id=\"6483704\" data-element_type=\"widget\" data-widget_type=\"text-editor.default\">\n\t\t\t\t<div class=\"elementor-widget-container\">\n\t\t\t\t\t\t\t\t\t<h1>Mentions l\u00e9gales :<\/h1>\n<p>Unit\u00e9 Pastorale Notre Dame des Bl\u00e9s d\u2019Or asbl (ci-apr\u00e8s \u00abL&rsquo;Unit\u00e9 Pastorale\u00bb ou le \u00ab Responsable du Traitement \u00bb )<br \/>Place Cyrille Jacquemin 3<br \/><span class=\"Z-c\">4250<\/span> <span class=\"Z-a\">Geer<\/span><br \/>Mail : <span style=\"text-decoration: underline;\"><em><a href=\"mailto:notredameblesdor@gmail.com\">notredameblesdor@gmail.com <\/a><\/em><\/span><\/p>\n<h1>Politique de confidentialit\u00e9<\/h1>\n<p>L&rsquo;Unit\u00e9 Pastorale a \u00e9tablit la pr\u00e9sente Politique de confidentialit\u00e9 dont l\u2019objet est d\u2019informer en toute transparence les Utilisateurs du site internet h\u00e9berg\u00e9 \u00e0 l\u2019adresse suivante : www.notre-dame-des-bles-d-or.be\u00a0, (ci-apr\u00e8s le \u00ab Site \u00bb), de la mani\u00e8re dont les donn\u00e9es personnelles sont r\u00e9colt\u00e9es et trait\u00e9es par l&rsquo;Unit\u00e9 Pastorale.<\/p>\n<p>Le terme \u00ab Utilisateur \u00bb fait r\u00e9f\u00e9rence \u00e0 tout utilisateur, soit toute personne physique ou morale, qui visite ou interagit d\u2019une quelconque mani\u00e8re avec le Site.<\/p>\n<p>A ce titre, l&rsquo;Unit\u00e9 Pastorale d\u00e9termine tous les moyens et finalit\u00e9s techniques, juridiques et organisationnelles du traitement des donn\u00e9es personnelles des Utilisateurs. l&rsquo;Unit\u00e9 Pastorale s\u2019engage \u00e0 cet effet \u00e0 prendre toutes les mesures n\u00e9cessaires pour garantir un traitement des donn\u00e9es personnelles conforme \u00e0 la loi du 30 juillet 2018, relative \u00e0 la protection des personnes physiques \u00e0 l\u2019\u00e9gard des traitements des donn\u00e9es \u00e0 caract\u00e8re personnel (ci-apr\u00e8s, \u00ab la Loi \u00bb ) et au R\u00e8glement europ\u00e9en du 26 avril 2016 relatif \u00e0 la protection des donn\u00e9es des personnes physiques \u00e0 l\u2019\u00e9gard du traitement des donn\u00e9es \u00e0 caract\u00e8re personnel et \u00e0 la libre circulation de ces donn\u00e9es (ci-apr\u00e8s le \u00ab R\u00e8glement \u00bb ).<\/p>\n<p>L&rsquo;Unit\u00e9 Pastorale est libre de choisir toute personne physique ou morale qui traite les donn\u00e9es personnelles des utilisateurs \u00e0 sa demande et pour son compte (ci-apr\u00e8s le \u00ab Sous-traitant \u00bb ). Le cas \u00e9ch\u00e9ant, l&rsquo;Unit\u00e9 Pastorale s\u2019engage \u00e0 s\u00e9lectionner un sous-traitant offrant des garanties suffisantes quant aux mesures de s\u00e9curit\u00e9 techniques et organisationnelles du traitement des donn\u00e9es personnelles, au regard de la Loi et du R\u00e8glement.<\/p>\n<p><strong>1. Traitement des donn\u00e9es personnelles<\/strong><\/p>\n<p>L\u2019utilisation du Site par les utilisateurs pourra entra\u00eener la communication de donn\u00e9es personnelles. Le traitement de ces donn\u00e9es par l&rsquo;Unit\u00e9 Pastorale, en sa qualit\u00e9 de Responsable du traitement, ou par les prestataires agissant au nom et pour le compte de l&rsquo;Unit\u00e9 Pastorale, sera conforme \u00e0 la Loi et au r\u00e8glement.<\/p>\n<p>Les donn\u00e9es \u00e0 caract\u00e8re personnel seront trait\u00e9es par l&rsquo;Unit\u00e9 Pastorale, conform\u00e9ment aux finalit\u00e9s cit\u00e9es plus bas, via :<\/p>\n<p>La page contact.<\/p>\n<p><strong>2. Finalit\u00e9 du traitement des donn\u00e9es personnelles<\/strong><\/p>\n<p>Conform\u00e9ment \u00e0 l\u2019article 13 du R\u00e8glement, les finalit\u00e9s du traitement des donn\u00e9es personnelles sont communiqu\u00e9es \u00e0 l\u2019utilisateur et sont les suivantes :<\/p>\n<p>Assurer le premier contact<\/p>\n<p><strong>3. Donn\u00e9es personnelles susceptibles d\u2019\u00eatre trait\u00e9es<\/strong><\/p>\n<p>L\u2019utilisateur consent, lors de la visite et lors de l\u2019utilisation du Site, que l&rsquo;Unit\u00e9 Pastorale recueille et traite, selon les modalit\u00e9s et principes d\u00e9crits dans la pr\u00e9sente Politique de confidentialit\u00e9, les donn\u00e9es \u00e0 caract\u00e8re personnel suivantes :<\/p>\n<p>Les informations r\u00e9colt\u00e9es via le formulaire de contact, le sont afin d\u2019assurer un premier contact, ou r\u00e9pondre aux questions de l\u2019utilisateur.<\/p>\n<p><strong>4. Consentement<\/strong><\/p>\n<p>En acc\u00e9dant au site et en l\u2019utilisant, l\u2019utilisateur d\u00e9clare avoir pris connaissance et marqu\u00e9 son accord de fa\u00e7on libre, sp\u00e9cifique, \u00e9clair\u00e9e et univoque au traitement des donn\u00e9es \u00e0 caract\u00e8re personnel la concernant. Cet accord porte sur le contenu de la pr\u00e9sente Politique de confidentialit\u00e9.<\/p>\n<p>Le consentement est donn\u00e9 par l\u2019acte positif par lequel l\u2019utilisateur a coch\u00e9 la case proposant la Politique de confidentialit\u00e9 en lien hypertexte. Ce consentement est une condition indispensable pour effectuer certaines op\u00e9rations sur le Site ou pour permettre \u00e0 l\u2019utilisateur d\u2019entrer en relation contractuelle avec l&rsquo;Unit\u00e9 Pastorale Tout contrat liant l&rsquo;Unit\u00e9 Pastorale et un utilisateur portant sur les services et biens propos\u00e9s sur le Site est subordonn\u00e9 \u00e0 l\u2019acceptation de la Politique de confidentialit\u00e9 par l\u2019utilisateur.<\/p>\n<p>L\u2019utilisateur consent \u00e0 ce que le Responsable du Traitement traite et recueille, conform\u00e9ment aux modalit\u00e9s et principes compris dans la pr\u00e9sente Politique de confidentialit\u00e9, ses donn\u00e9es \u00e0 caract\u00e8re personnel qu\u2019il communique sur le Site ou \u00e0 l\u2019occasion des services propos\u00e9s par l&rsquo;Unit\u00e9 Pastorale, pour les finalit\u00e9s indiqu\u00e9es plus haut.<\/p>\n<p>L\u2019utilisateur a le droit de retirer son consentement \u00e0 tout moment. Le retrait du consentement ne compromet pas la lic\u00e9it\u00e9 du traitement fond\u00e9 sur le consentement pr\u00e9alablement donn\u00e9.<\/p>\n<p><strong>5. Dur\u00e9e de conservation des donn\u00e9es personnelles des utilisateurs<\/strong><\/p>\n<p>Conform\u00e9ment \u00e0 l\u2019article 13 \u00a72 du R\u00e8glement et de la Loi, le Responsable du Traitement ne conserve les donn\u00e9es \u00e0 caract\u00e8re personnel que pendant le temps raisonnablement n\u00e9cessaire pour permettre l\u2019accomplissement des finalit\u00e9s pour lesquelles elles sont trait\u00e9es.<\/p>\n<p><strong>6. Destinataires des donn\u00e9es et divulgation \u00e0 des tiers<\/strong><\/p>\n<p>Les donn\u00e9es personnelles peuvent \u00eatre transmises aux pr\u00e9pos\u00e9s, collaborateurs, sous-traitants ou fournisseurs de l&rsquo;Unit\u00e9 Pastorale qui offrent des garanties de s\u00e9curit\u00e9 des donn\u00e9es ad\u00e9quates, et qui collaborent avec l&rsquo;Unit\u00e9 Pastorale dans le cadre de la commercialisation de produits ou de la fourniture de services. Ils agissent sous l\u2019autorit\u00e9 directe de l&rsquo;Unit\u00e9 Pastorale, et sont notamment responsables de recueillir, de traiter ou de sous-traiter ces donn\u00e9es.<\/p>\n<p>Dans tous les cas, les destinataires des donn\u00e9es et ceux \u00e0 qui ces donn\u00e9es ont \u00e9t\u00e9 divulgu\u00e9es respectent le contenu de la pr\u00e9sente Politique de confidentialit\u00e9. L&rsquo;Unit\u00e9 Pastorale assure qu\u2019ils traiteront ces donn\u00e9es aux seules finalit\u00e9s pr\u00e9vues, de fa\u00e7on discr\u00e8te et s\u00e9curis\u00e9e.<\/p>\n<p>Dans l\u2019hypoth\u00e8se o\u00f9 les donn\u00e9es seraient divulgu\u00e9es \u00e0 des tiers \u00e0 des fins de marketing direct ou de prospection, l\u2019utilisateur en sera pr\u00e9alablement inform\u00e9 pour qu\u2019il exprime son consentement \u00e0 l\u2019utilisation de ces donn\u00e9es personnels.<\/p>\n<p><strong>7. Data Protection Officer (DPO)<\/strong><\/p>\n<p>La personne suivante est nomm\u00e9e D\u00e9l\u00e9gu\u00e9 \u00e0 la Protection des Donn\u00e9es ou Data Protection Officer (ci-apr\u00e8s \u00ab DPO \u00bb ) : l&rsquo;Unit\u00e9 Pastorale<\/p>\n<p>Le r\u00f4le du DPO est de s\u2019assurer la bonne mise en oeuvre des dispositions nationales et supranationales quant \u00e0 la collecte et au traitement des donn\u00e9es \u00e0 caract\u00e8re personnel.<\/p>\n<p>Le DPO peut \u00eatre contact\u00e9 comme suit : notredameblesdor@gmail.com<\/p>\n<p><strong>8. Droits des utilisateurs<\/strong><\/p>\n<p>A tout moment, l\u2019utilisateur peut exercer ses droits en envoyant un message par courrier \u00e9lectronique \u00e0 l\u2019adresse suivante : notredameblesdor@gmail.com ou une lettre par voie postale adress\u00e9e, en joignant une copie de sa carte d\u2019identit\u00e9 \u00e0 l\u2019adresse suivante : Place Cyrille Jacquemin 3<br \/><span class=\"Z-c\">4250<\/span> <span class=\"Z-a\">Geer<\/span><\/p>\n<p><em>1. Droit d\u2019acc\u00e8s<\/em><\/p>\n<p>Conform\u00e9ment \u00e0 l\u2019article 15 du R\u00e8glement, l&rsquo;Unit\u00e9 Pastorale garantit le droit d\u2019acc\u00e8s \u00e0 l\u2019Utilisateur \u00e0 ses donn\u00e9es personnelles. L\u2019utilisateur a le droit d\u2019obtenir l\u2019acc\u00e8s auxdites donn\u00e9es \u00e0 caract\u00e8re personnel ainsi que les informations suivantes:<\/p>\n<p>les finalit\u00e9s du traitement ;<br \/>les cat\u00e9gories de donn\u00e9es \u00e0 caract\u00e8re personnel concern\u00e9es ;<br \/>les destinataires ou cat\u00e9gories de destinataires auxquels les donn\u00e9es \u00e0 caract\u00e8re personnel ont \u00e9t\u00e9 ou seront communiqu\u00e9es, en particulier les destinataires qui sont \u00e9tablis dans des pays tiers ou les organisations internationales ;<br \/>lorsque cela est possible, la dur\u00e9e de conservation des donn\u00e9es \u00e0 caract\u00e8re personnel envisag\u00e9e ou, lorsque ce n\u2019est pas possible, les crit\u00e8res utilis\u00e9s pour d\u00e9terminer cette dur\u00e9e ;<br \/>l\u2019existence d\u2019une prise de d\u00e9cision automatis\u00e9e, y compris un profilage, vis\u00e9e \u00e0 l\u2019article 22, paragraphes 1 et 4 du R\u00e8glement, et, au moins en pareils cas, des informations utiles concernant la logique sous-jacente, ainsi que l\u2019importance et les cons\u00e9quences pr\u00e9vues de ce traitement pour la personne concern\u00e9e<\/p>\n<p>Le Responsable du Traitement peut exiger le paiement de frais raisonnables bas\u00e9s sur les co\u00fbts administratifs pour toute copie suppl\u00e9mentaire demand\u00e9e par l\u2019utilisateur.<\/p>\n<p>Lorsque l\u2019utilisateur introduit cette demande par voie \u00e9lectronique (par le biais de l\u2019adresse \u00e9lectronique par exemple), les informations sont fournies sous une forme \u00e9lectronique d\u2019usage courant, \u00e0 moins que l\u2019utilisateur ne demande qu\u2019il en soit autrement.<\/p>\n<p>La copie de ses donn\u00e9es sera communiqu\u00e9e \u00e0 l\u2019utilisateur au plus tard dans le mois apr\u00e8s la r\u00e9ception de la demande.<\/p>\t\t\t\t\t\t\t\t<\/div>\n\t\t\t\t<\/div>\n\t\t\t\t<\/div>\n\t\t<div class=\"elementor-element elementor-element-09b63b2 e-con-full e-flex e-con e-child\" data-id=\"09b63b2\" data-element_type=\"container\" data-settings=\"{&quot;jet_parallax_layout_list&quot;:[]}\">\n\t\t\t\t<div class=\"elementor-element elementor-element-8c7d711 elementor-widget elementor-widget-text-editor\" data-id=\"8c7d711\" data-element_type=\"widget\" data-widget_type=\"text-editor.default\">\n\t\t\t\t<div class=\"elementor-widget-container\">\n\t\t\t\t\t\t\t\t\t<p><em>2. Droit de rectification<\/em><\/p>\n<p>L&rsquo;Unit\u00e9 Pastorale garantit le droit de rectification et d\u2019effacement des donn\u00e9es personnelles \u00e0 l\u2019utilisateur.<\/p>\n<p>Conform\u00e9ment \u00e0 l\u2019article 16 du R\u00e8glement, les donn\u00e9es incorrectes, inexactes ou non-pertinentes peuvent \u00eatre corrig\u00e9es ou effac\u00e9es \u00e0 tout moment. L\u2019utilisateur proc\u00e8de d\u2019abord lui-m\u00eame aux modifications n\u00e9cessaires depuis son compte utilisateur\/autre, sauf si celles-ci ne peuvent \u00eatre effectu\u00e9es de mani\u00e8re autonome, dans quel cas la demande peut en \u00eatre faite aupr\u00e8s de l&rsquo;Unit\u00e9 Pastorale.<\/p>\n<p>Conform\u00e9ment \u00e0 l\u2019article 19 du R\u00e8glement, le Responsable du traitement notifie \u00e0 chaque destinataire auquel les donn\u00e9es \u00e0 caract\u00e8re personnel ont \u00e9t\u00e9 communiqu\u00e9es toute rectification des donn\u00e9es \u00e0 caract\u00e8re personnel, \u00e0 moins qu\u2019une telle communication se r\u00e9v\u00e8le impossible ou exige des efforts disproportionn\u00e9s. Le responsable du traitement fournit \u00e0 la personne concern\u00e9e des informations sur ces destinataires si celle-ci en fait la demande.<\/p>\n<p><em>3. Droit \u00e0 l\u2019effacement<\/em><\/p>\n<p>L\u2019utilisateur a le droit d\u2019obtenir l\u2019effacement de ses donn\u00e9es personnelles dans les meilleurs d\u00e9lais dans les hypoth\u00e8ses \u00e9num\u00e9r\u00e9es \u00e0 l\u2019article 17 du R\u00e8glement.<\/p>\n<p>Lorsque le Responsable de Traitement a rendu publiques les donn\u00e9es \u00e0 caract\u00e8re personnel et qu\u2019il est tenu de les effacer en vertu du paragraphe pr\u00e9c\u00e9dent, le Responsable du traitement, compte tenu des technologies disponibles et des co\u00fbts de mise en \u0153uvre, prend des mesures raisonnables, y compris d\u2019ordre technique, pour informer les autres responsables du traitement qui traitent ces donn\u00e9es \u00e0 caract\u00e8re personnel que la personne concern\u00e9e a demand\u00e9 l\u2019effacement par ces responsables du traitement de tout lien vers ces donn\u00e9es \u00e0 caract\u00e8re personnel, ou de toute copie ou reproduction de celles-ci.<\/p>\n<p>Les deux paragraphes pr\u00e9c\u00e9dents ne s\u2019appliquent pas dans la mesure o\u00f9 ce traitement est n\u00e9cessaire:<\/p>\n<p>\u00e0 l\u2019exercice du droit \u00e0 la libert\u00e9 d\u2019expression et d\u2019information;<br \/>pour respecter une obligation l\u00e9gale qui requiert le traitement pr\u00e9vue par le droit de l\u2019Union ou par le droit de l\u2019\u00c9tat membre auquel le responsable du traitement est soumis, ou pour ex\u00e9cuter une mission d\u2019int\u00e9r\u00eat public ou relevant de l\u2019exercice de l\u2019autorit\u00e9 publique dont est investi le responsable du traitement;<br \/>\u00e0 la constatation, \u00e0 l\u2019exercice ou \u00e0 la d\u00e9fense de droits en justice.<\/p>\n<p>Conform\u00e9ment \u00e0 l\u2019article 19 du R\u00e8glement, le Responsable du traitement notifie \u00e0 chaque destinataire auquel les donn\u00e9es \u00e0 caract\u00e8re personnel ont \u00e9t\u00e9 communiqu\u00e9es tout effacement de donn\u00e9es \u00e0 caract\u00e8re personnel ou toute limitation du traitement effectu\u00e9, \u00e0 moins qu\u2019une telle communication se r\u00e9v\u00e8le impossible ou exige des efforts disproportionn\u00e9s. Le responsable du traitement fournit \u00e0 la personne concern\u00e9e des informations sur ces destinataires si celle-ci en fait la demande.<\/p>\n<p><em>4. Droit de limitation du traitement<\/em><\/p>\n<p>L\u2019utilisateur a le droit d\u2019obtenir la limitation du traitement de ses donn\u00e9es personnelles dans les hypoth\u00e8ses \u00e9num\u00e9r\u00e9es \u00e0 l\u2019article 19 du R\u00e8glement.<\/p>\n<p>Conform\u00e9ment \u00e0 l\u2019article 19 du R\u00e8glement, le Responsable du traitement notifie \u00e0 chaque destinataire auquel les donn\u00e9es \u00e0 caract\u00e8re personnel ont \u00e9t\u00e9 communiqu\u00e9es toute limitation du traitement effectu\u00e9, \u00e0 moins qu\u2019une telle communication se r\u00e9v\u00e8le impossible ou exige des efforts disproportionn\u00e9s. Le responsable du traitement fournit \u00e0 la personne concern\u00e9e des informations sur ces destinataires si celle-ci en fait la demande.<\/p>\n<p><em>5. Droit de portabilit\u00e9 des donn\u00e9es<\/em><\/p>\n<p>Conform\u00e9ment \u00e0 l\u2019article 20 du R\u00e8glement, les Utilisateurs ont le droit de recevoir de l&rsquo;Unit\u00e9 Pastorale les donn\u00e9es \u00e0 caract\u00e8re personnel les concernant dans un format structur\u00e9, couramment utilis\u00e9 et lisible par machine. Les utilisateurs ont le droit de transmettre ces donn\u00e9es \u00e0 un autre responsable du traitement sans que l&rsquo;Unit\u00e9 Pastorale y fasse obstacle dans les cas pr\u00e9vus par le R\u00e8glement.<\/p>\n<p>Lorsque l\u2019utilisateur exerce son droit \u00e0 la portabilit\u00e9 des donn\u00e9es en application du paragraphe pr\u00e9c\u00e9dent, elle a le droit d\u2019obtenir que les donn\u00e9es \u00e0 caract\u00e8re personnel soient transmises directement d\u2019un responsable du traitement \u00e0 un autre, lorsque cela est techniquement possible.<\/p>\n<p>L\u2019exercice du droit de portabilit\u00e9 des donn\u00e9es s\u2019entend sans pr\u00e9judice du droit \u00e0 l\u2019effacement. Ce droit ne s\u2019applique pas au traitement n\u00e9cessaire \u00e0 l\u2019ex\u00e9cution d\u2019une mission d\u2019int\u00e9r\u00eat public ou relevant de l\u2019exercice de l\u2019autorit\u00e9 publique dont est investi le responsable du traitement.<\/p>\n<p>Le droit de portabilit\u00e9 des donn\u00e9es ne porte pas atteinte aux droits et libert\u00e9s de tiers.<\/p>\n<p><em>6. Droit d\u2019opposition et prise de d\u00e9cision individuelle automatis\u00e9e<\/em><\/p>\n<p>L\u2019utilisateur dispose \u00e0 tout moment du droit de s\u2019opposer au traitement de ses donn\u00e9es personnelles en raison de sa situation particuli\u00e8re, y compris l\u2019automatisation des donn\u00e9es effectu\u00e9e par l&rsquo;Unit\u00e9 Pastorale. Conform\u00e9ment \u00e0 l\u2019article 21 du R\u00e8glement, l&rsquo;Unit\u00e9 Pastorale ne traitera plus les donn\u00e9es \u00e0 caract\u00e8re personnel, \u00e0 moins qu\u2019il existe des motifs l\u00e9gitimes et imp\u00e9rieux pour le traitement qui pr\u00e9valent sur les int\u00e9r\u00eats et les droits et libert\u00e9s de l\u2019Utilisateur, ou pour la constatation, l\u2019exercice ou la d\u00e9fense de droits en justice.<\/p>\n<p>Lorsque les donn\u00e9es \u00e0 caract\u00e8re personnel sont trait\u00e9es \u00e0 des fins de prospection, l\u2019utilisateur a le droit de s\u2019opposer \u00e0 tout moment au traitement des donn\u00e9es \u00e0 caract\u00e8re personnel la concernant \u00e0 de telles fins de prospection, y compris au profilage dans la mesure o\u00f9 il est li\u00e9 \u00e0 une telle prospection.<\/p>\n<p>Lorsque la personne concern\u00e9e s\u2019oppose au traitement \u00e0 des fins de prospection, les donn\u00e9es \u00e0 caract\u00e8re personnel ne sont plus trait\u00e9es \u00e0 ces fins.<\/p>\n<p><em>7. Droit de plainte<\/em><\/p>\n<p>L\u2019utilisateur dispose du droit d\u2019introduire une plainte concernant le traitement de ses donn\u00e9es personnelles par l&rsquo;Unit\u00e9 Pastorale aupr\u00e8s de l\u2019Autorit\u00e9 de Protection des Donn\u00e9es, comp\u00e9tente pour le territoire belge. De plus amples informations peuvent \u00eatre trouv\u00e9es sur le site internet: https:\/\/www.autoriteprotectiondonnees.be.<\/p>\n<p>L\u2019introduction d\u2019une plainte se fait aux adresses suivantes:<\/p>\n<p>Autorit\u00e9 de Protection des Donn\u00e9es<br \/>Rue de la Presse 35, 1000 Bruxelles<br \/>T\u00e9l. + 32 2 274 48 00<br \/>Fax. + 32 2 274 48 35<br \/>E-mail: contact@apd-gba.be<\/p>\n<p>L\u2019utilisateur peut \u00e9galement introduire une plainte aupr\u00e8s du tribunal de premi\u00e8re instance de son domicile.<\/p>\n<p><strong>10. Cookies<\/strong><\/p>\n<p>Le Site utilise des cookies pour distinguer les utilisateurs du Site. Cela permet de fournir aux Utilisateurs une meilleure exp\u00e9rience de navigation et une am\u00e9lioration du Site et de son contenu. Les objectifs et modalit\u00e9s des cookies sont contenus dans ce pr\u00e9sent article.<\/p>\n<p><em>1. Principes g\u00e9n\u00e9raux<\/em><\/p>\n<p>Un \u00ab Cookie \u00bb est un fichier d\u00e9pos\u00e9 temporairement ou de fa\u00e7on permanente sur le disque dur de l\u2019Utilisateur lors de la consultation du Site Internet, en vue d\u2019une connexion ult\u00e9rieure. Gr\u00e2ce aux cookies, le serveur reconna\u00eet l\u2019ordinateur de l\u2019utilisateur.<\/p>\n<p>Les cookies peuvent aussi \u00eatre install\u00e9s par des tiers avec lesquels l&rsquo;Unit\u00e9 Pastorale collabore.<\/p>\n<p>Certains des cookies utilis\u00e9s par l&rsquo;Unit\u00e9 Pastorale sont n\u00e9cessaires au bon fonctionnement du Site, d\u2019autres permettent d\u2019am\u00e9liorer l\u2019exp\u00e9rience de l\u2019utilisateur.<\/p>\n<p>L\u2019utilisateur peut personnaliser ou d\u00e9sactiver les cookies en param\u00e9trant son navigateur.<\/p>\n<p>En utilisant le Site Internet, l\u2019utilisateur marque express\u00e9ment son accord avec la gestion des cookies telle que d\u00e9crite dans le pr\u00e9sent article.<\/p>\n<p><em>2. Type de cookies et finalit\u00e9s poursuivies<\/em><\/p>\n<p>Diff\u00e9rents types de cookies sont utilis\u00e9s par l&rsquo;Unit\u00e9 Pastorale sur le Site :<\/p>\n<p>Les cookies techniques : ils sont n\u00e9cessaires \u00e0 l\u2019exploitation du Site Internet, permettent la communication des donn\u00e9es introduites et sont destin\u00e9s \u00e0 faciliter la navigation de l\u2019utilisateur ;<br \/>Les cookies de mesures statistiques et d\u2019audience : ces cookies permettent la reconnaissance de l\u2019utilisateur et sont utilis\u00e9s afin de comptabiliser le nombre d\u2019utilisateurs du Site Internet sur une certaine p\u00e9riode. D\u00e8s lors qu\u2019ils indiquent aussi le comportement de navigation, ils sont un moyen efficace pour am\u00e9liorer la navigation de l\u2019utilisateur, en lui affichant des propositions et offres susceptibles de l\u2019int\u00e9resser. Ils permettent aussi \u00e0 l&rsquo;Unit\u00e9 Pastorale de rep\u00e9rer les possibles bugs sur le Site Internet et de les corriger.<br \/>Les cookies fonctionnels : ces cookies facilitent l\u2019utilisation du Site Internet en retenant certains choix introduits (par exemple, le nom d\u2019utilisateur ou la langue) ;<br \/>Les cookies de tra\u00e7age : l&rsquo;Unit\u00e9 Pastorale utilise des cookies de tra\u00e7age via Matomo, pour mesurer l\u2019interaction des Utilisateurs avec le contenu du Site et produire des statistiques anonymes. Ces statistiques permettent \u00e0 l&rsquo;Unit\u00e9 Pastorale de perfectionner le Site Internet.<\/p>\n<p><em>3. D\u00e9lai de conservation des cookies<\/em><\/p>\n<p>Les cookies sont conserv\u00e9s pour le temps n\u00e9cessaire \u00e0 l\u2019accomplissement de la finalit\u00e9 poursuivie.<\/p>\t\t\t\t\t\t\t\t<\/div>\n\t\t\t\t<\/div>\n\t\t\t\t<\/div>\n\t\t\t\t<\/div>\n\t\t\t\t<\/div>\n\t\t","protected":false},"excerpt":{"rendered":"<p>Mentions l\u00e9gales : Unit\u00e9 Pastorale Notre Dame des Bl\u00e9s d\u2019Or asbl (ci-apr\u00e8s \u00abL&rsquo;Unit\u00e9 Pastorale\u00bb ou le \u00ab Responsable du Traitement \u00bb )Place Cyrille Jacquemin 34250 GeerMail : notredameblesdor@gmail.com Politique de confidentialit\u00e9 L&rsquo;Unit\u00e9 Pastorale a \u00e9tablit la pr\u00e9sente Politique de confidentialit\u00e9 dont l\u2019objet est d\u2019informer en toute transparence les Utilisateurs du site internet h\u00e9berg\u00e9 \u00e0 l\u2019adresse [&hellip;]<\/p>\n","protected":false},"author":1,"featured_media":0,"parent":0,"menu_order":0,"comment_status":"closed","ping_status":"closed","template":"","meta":{"footnotes":""},"class_list":["post-927","page","type-page","status-publish","hentry"],"_links":{"self":[{"href":"https:\/\/dev-yellowstudio.be\/unite\/wp-json\/wp\/v2\/pages\/927","targetHints":{"allow":["GET"]}}],"collection":[{"href":"https:\/\/dev-yellowstudio.be\/unite\/wp-json\/wp\/v2\/pages"}],"about":[{"href":"https:\/\/dev-yellowstudio.be\/unite\/wp-json\/wp\/v2\/types\/page"}],"author":[{"embeddable":true,"href":"https:\/\/dev-yellowstudio.be\/unite\/wp-json\/wp\/v2\/users\/1"}],"replies":[{"embeddable":true,"href":"https:\/\/dev-yellowstudio.be\/unite\/wp-json\/wp\/v2\/comments?post=927"}],"version-history":[{"count":8,"href":"https:\/\/dev-yellowstudio.be\/unite\/wp-json\/wp\/v2\/pages\/927\/revisions"}],"predecessor-version":[{"id":1034,"href":"https:\/\/dev-yellowstudio.be\/unite\/wp-json\/wp\/v2\/pages\/927\/revisions\/1034"}],"wp:attachment":[{"href":"https:\/\/dev-yellowstudio.be\/unite\/wp-json\/wp\/v2\/media?parent=927"}],"curies":[{"name":"wp","href":"https:\/\/api.w.org\/{rel}","templated":true}]}}