{"id":449,"date":"2025-04-18T17:55:10","date_gmt":"2025-04-18T15:55:10","guid":{"rendered":"https:\/\/dev-yellowstudio.be\/unite\/?page_id=449"},"modified":"2025-12-09T15:04:07","modified_gmt":"2025-12-09T14:04:07","slug":"lheure-de-la-priere","status":"publish","type":"page","link":"https:\/\/dev-yellowstudio.be\/unite\/la-priere-et-la-spiritualite\/lheure-de-la-priere\/","title":{"rendered":"L&rsquo;heure de la pri\u00e8re"},"content":{"rendered":"\t\t<div data-elementor-type=\"wp-page\" data-elementor-id=\"449\" class=\"elementor elementor-449\" data-elementor-post-type=\"page\">\n\t\t\t\t<div class=\"elementor-element elementor-element-879dcfd e-con-full e-flex e-con e-parent\" data-id=\"879dcfd\" data-element_type=\"container\" data-settings=\"{&quot;background_background&quot;:&quot;classic&quot;,&quot;jet_parallax_layout_list&quot;:[]}\">\n\t\t<div class=\"elementor-element elementor-element-6ce21da e-flex e-con-boxed e-con e-child\" data-id=\"6ce21da\" data-element_type=\"container\" data-settings=\"{&quot;jet_parallax_layout_list&quot;:[]}\">\n\t\t\t\t\t<div class=\"e-con-inner\">\n\t\t\t\t<div class=\"elementor-element elementor-element-3ba42e9 elementor-widget elementor-widget-spacer\" data-id=\"3ba42e9\" data-element_type=\"widget\" data-widget_type=\"spacer.default\">\n\t\t\t\t<div class=\"elementor-widget-container\">\n\t\t\t\t\t\t\t<div class=\"elementor-spacer\">\n\t\t\t<div class=\"elementor-spacer-inner\"><\/div>\n\t\t<\/div>\n\t\t\t\t\t\t<\/div>\n\t\t\t\t<\/div>\n\t\t\t\t\t<\/div>\n\t\t\t\t<\/div>\n\t\t\t\t<\/div>\n\t\t<div class=\"elementor-element elementor-element-6fc7688 e-con-full e-flex e-con e-parent\" data-id=\"6fc7688\" data-element_type=\"container\" data-settings=\"{&quot;background_background&quot;:&quot;classic&quot;,&quot;jet_parallax_layout_list&quot;:[]}\">\n\t\t<div class=\"elementor-element elementor-element-35d135c e-con-full e-flex e-con e-child\" data-id=\"35d135c\" data-element_type=\"container\" data-settings=\"{&quot;jet_parallax_layout_list&quot;:[]}\">\n\t\t\t\t<div class=\"elementor-element elementor-element-0c4dbc9 elementor-widget elementor-widget-heading\" data-id=\"0c4dbc9\" data-element_type=\"widget\" data-widget_type=\"heading.default\">\n\t\t\t\t<div class=\"elementor-widget-container\">\n\t\t\t\t\t<h1 class=\"elementor-heading-title elementor-size-default\">L'heure de la pri\u00e8re<\/h1>\t\t\t\t<\/div>\n\t\t\t\t<\/div>\n\t\t\t\t<div class=\"elementor-element elementor-element-6483704 elementor-widget elementor-widget-text-editor\" data-id=\"6483704\" data-element_type=\"widget\" data-widget_type=\"text-editor.default\">\n\t\t\t\t<div class=\"elementor-widget-container\">\n\t\t\t\t\t\t\t\t\t<p>J\u00e9sus nous a fermement recommand\u00e9 de prier avec diligence. La pri\u00e8re est un \u00e9l\u00e9ment essentiel de la vie du chr\u00e9tien.\u00a0<\/p><p>Une fois par mois l\u2019\u00e9glise de Berloz accueille tous ceux qui souhaitent consacrer une heure mensuellement \u00e0 la pri\u00e8re, et \u00e0 travers des textes de r\u00e9flexion ou des pri\u00e8res, des chants, d\u00e9couvrir combien ils sont aim\u00e9s de Dieu.<\/p><p>L&rsquo;heure de la pri\u00e8re est ouvertes \u00e0 toutes personnes de notre Unit\u00e9 Pastorale. Nous nous r\u00e9unissons g\u00e9n\u00e9ralement le 1er mercredi du mois.<\/p><p><strong>Contact :<\/strong> <a href=\"mailto:alpeberloz@hotmail.com\"><span style=\"text-decoration: underline;\"><em>alpeberloz@hotmail.com<\/em><\/span><\/a><\/p>\t\t\t\t\t\t\t\t<\/div>\n\t\t\t\t<\/div>\n\t\t\t\t<\/div>\n\t\t<div class=\"elementor-element elementor-element-09b63b2 e-con-full e-flex e-con e-child\" data-id=\"09b63b2\" data-element_type=\"container\" data-settings=\"{&quot;jet_parallax_layout_list&quot;:[]}\">\n\t\t\t\t<div class=\"elementor-element elementor-element-4e59a76 elementor-widget elementor-widget-image\" data-id=\"4e59a76\" data-element_type=\"widget\" data-widget_type=\"image.default\">\n\t\t\t\t<div class=\"elementor-widget-container\">\n\t\t\t\t\t\t\t\t\t\t\t\t\t\t\t<img fetchpriority=\"high\" decoding=\"async\" width=\"800\" height=\"577\" src=\"https:\/\/dev-yellowstudio.be\/unite\/wp-content\/uploads\/2025\/11\/unite-pastorale-notre-dame-des-ble-d-or-groupe-priere-2-1024x738.jpg\" class=\"attachment-large size-large wp-image-821\" alt=\"\" srcset=\"https:\/\/dev-yellowstudio.be\/unite\/wp-content\/uploads\/2025\/11\/unite-pastorale-notre-dame-des-ble-d-or-groupe-priere-2-1024x738.jpg 1024w, https:\/\/dev-yellowstudio.be\/unite\/wp-content\/uploads\/2025\/11\/unite-pastorale-notre-dame-des-ble-d-or-groupe-priere-2-300x216.jpg 300w, https:\/\/dev-yellowstudio.be\/unite\/wp-content\/uploads\/2025\/11\/unite-pastorale-notre-dame-des-ble-d-or-groupe-priere-2-768x554.jpg 768w, https:\/\/dev-yellowstudio.be\/unite\/wp-content\/uploads\/2025\/11\/unite-pastorale-notre-dame-des-ble-d-or-groupe-priere-2.jpg 1200w\" sizes=\"(max-width: 800px) 100vw, 800px\" \/>\t\t\t\t\t\t\t\t\t\t\t\t\t\t\t<\/div>\n\t\t\t\t<\/div>\n\t\t\t\t<\/div>\n\t\t\t\t<\/div>\n\t\t\t\t<\/div>\n\t\t","protected":false},"excerpt":{"rendered":"<p>L&rsquo;heure de la pri\u00e8re J\u00e9sus nous a fermement recommand\u00e9 de prier avec diligence. La pri\u00e8re est un \u00e9l\u00e9ment essentiel de la vie du chr\u00e9tien.\u00a0 Une fois par mois l\u2019\u00e9glise de Berloz accueille tous ceux qui souhaitent consacrer une heure mensuellement \u00e0 la pri\u00e8re, et \u00e0 travers des textes de r\u00e9flexion ou des pri\u00e8res, des chants, [&hellip;]<\/p>\n","protected":false},"author":1,"featured_media":0,"parent":194,"menu_order":0,"comment_status":"closed","ping_status":"closed","template":"","meta":{"footnotes":""},"class_list":["post-449","page","type-page","status-publish","hentry"],"_links":{"self":[{"href":"https:\/\/dev-yellowstudio.be\/unite\/wp-json\/wp\/v2\/pages\/449","targetHints":{"allow":["GET"]}}],"collection":[{"href":"https:\/\/dev-yellowstudio.be\/unite\/wp-json\/wp\/v2\/pages"}],"about":[{"href":"https:\/\/dev-yellowstudio.be\/unite\/wp-json\/wp\/v2\/types\/page"}],"author":[{"embeddable":true,"href":"https:\/\/dev-yellowstudio.be\/unite\/wp-json\/wp\/v2\/users\/1"}],"replies":[{"embeddable":true,"href":"https:\/\/dev-yellowstudio.be\/unite\/wp-json\/wp\/v2\/comments?post=449"}],"version-history":[{"count":22,"href":"https:\/\/dev-yellowstudio.be\/unite\/wp-json\/wp\/v2\/pages\/449\/revisions"}],"predecessor-version":[{"id":979,"href":"https:\/\/dev-yellowstudio.be\/unite\/wp-json\/wp\/v2\/pages\/449\/revisions\/979"}],"up":[{"embeddable":true,"href":"https:\/\/dev-yellowstudio.be\/unite\/wp-json\/wp\/v2\/pages\/194"}],"wp:attachment":[{"href":"https:\/\/dev-yellowstudio.be\/unite\/wp-json\/wp\/v2\/media?parent=449"}],"curies":[{"name":"wp","href":"https:\/\/api.w.org\/{rel}","templated":true}]}}